?
False
Is 165246 a multiple of 49?
False
Is 114913 a multiple of 179?
False
Does 18 divide 348629?
False
Does 450 divide 25398000?
True
Is 151 a factor of 4026290?
False
Is 189 a factor of 3216024?
True
Is 240 a factor of 18699600?
True
Is 41 a factor of 7035982?
False
Does 690 divide 373312?
False
Is 32 a factor of 815776?
True
Is 10 a factor of 12466418?
False
Is 37805 a multiple of 435?
False
Does 52 divide 162344?
True
Is 76 a factor of 147204?
False
Does 216 divide 3471120?
True
Does 830 divide 8241900?
True
Does 238 divide 408884?
True
Is 70769 a multiple of 6?
False
Is 104535 a multiple of 115?
True
Is 94 a factor of 15431190?
False
Is 340759 a multiple of 7?
False
Does 22 divide 1034264?
True
Is 618807 a multiple of 237?
True
Is 5541539 a multiple of 43?
True
Is 857922 a multiple of 73?
False
Is 8 a factor of 5832?
True
Is 2138524 a multiple of 37?
False
Does 63 divide 266049?
True
Is 23 a factor of 11684?
True
Is 45017 a multiple of 59?
True
Is 23 a factor of 1076402?
False
Is 183408 a multiple of 6?
True
Is 2842646 even?
True
Is 19467702 a multiple of 246?
True
Does 254 divide 103886?
True
Does 363 divide 2197595?
False
Does 745 divide 8113795?
True
Is 6941068 a multiple of 122?
True
Is 7 a factor of 282921?
False
Is 5 a factor of 10043366?
False
Is 320335 a multiple of 215?
False
Does 4 divide 76628?
True
Does 308 divide 1163316?
True
Is 606445 a multiple of 57?
False
Is 13 a factor of 1766856?
True
Is 450018 a multiple of 6?
True
Does 33 divide 750057?
True
Does 18 divide 161928?
True
Does 22 divide 19360143?
False
Is 2115 a factor of 20723269?
False
Does 44 divide 111188?
True
Does 737 divide 751003?
True
Is 19062288 a multiple of 28?
True
Does 32 divide 4581648?
False
Does 169 divide 22006?
False
Is 11385021 a multiple of 48?
False
Is 167 a factor of 67817?
False
Does 203 divide 204583?
False
Is 2635803 a multiple of 141?
False
Does 160 divide 77252?
False
Does 274 divide 651846?
True
Is 483012 a multiple of 16?
False
Is 43 a factor of 21285?
True
Is 21 a factor of 225834?
True
Is 1368936 a multiple of 18?
True
Is 2920499 a multiple of 22?
False
Does 397 divide 1918084?
False
Is 21722 a multiple of 262?
False
Is 30 a factor of 1830?
True
Is 204438 a multiple of 78?
True
Is 417483 a multiple of 11?
True
Is 222584 a multiple of 200?
False
Does 17 divide 772701?
True
Does 2 divide 157295?
False
Is 111337 a multiple of 20?
False
Does 30 divide 1130615?
False
Is 12820032 a multiple of 2592?
True
Does 27 divide 40297?
False
Does 95 divide 362707?
False
Does 89 divide 2081732?
False
Does 48 divide 60288?
True
Is 6 a factor of 59994?
True
Does 37 divide 348577?
True
Is 1352179 a multiple of 16?
False
Does 99 divide 6775758?
True
Is 454 a factor of 112421?
False
Is 6 a factor of 96917?
False
Does 14 divide 169971?
False
Is 161674 a multiple of 9?
False
Does 12 divide 269940?
True
Is 306 a factor of 247860?
True
Is 5 a factor of 46859?
False
Is 4 a factor of 12828?
True
Is 320 a factor of 712274?
False
Does 660 divide 3508912?
False
Is 16 a factor of 22464?
True
Does 236 divide 106436?
True
Does 581 divide 1564015?
False
Is 7 a factor of 898120?
False
Does 3 divide 189584?
False
Is 23 a factor of 144210?
True
Is 120 a factor of 237480?
True
Does 43 divide 25155?
True
Is 12 a factor of 129039?
False
Does 55 divide 287668?
False
Is 4573464 a multiple of 7?
True
Is 1499599 a multiple of 379?
False
Does 26 divide 4549?
False
Is 28640 a multiple of 32?
True
Is 6414714 a multiple of 486?
True
Is 1103256 a multiple of 264?
True
Is 5199957 a multiple of 1701?
True
Is 5 a factor of 763009?
False
Does 43 divide 13812073?
True
Does 8 divide 634128?
True
Is 491 a factor of 410476?
True
Does 101 divide 444533?
False
Is 20 a factor of 170000?
True
Is 31304 a multiple of 182?
True
Is 20491378 a multiple of 33?
False
Is 48 a factor of 144336?
True
Is 86780 a multiple of 8?
False
Is 2300321 a multiple of 97?
False
Does 20 divide 174640?
True
Is 589216 a multiple of 32?
True
Is 2671785 a multiple of 10?
False
Does 80 divide 74320?
True
Is 1473 a factor of 2993589?
False
Is 59045 a multiple of 35?
True
Is 14 a factor of 5106138?
False
Does 3 divide 28642?
False
Is 48 a factor of 118608?
True
Is 37 a factor of 430902?
True
Is 3 a factor of 384308?
False
Is 222 a factor of 5672322?
True
Is 19 a factor of 505837?
True
Is 11392 a multiple of 15?
False
Is 109 a factor of 116085?
True
Is 13 a factor of 502233?
False
Is 434848 a multiple of 8?
True
Is 1366956 a multiple of 8?
False
Is 160935 a multiple of 4?
False
Is 1415205 a multiple of 11?
True
Is 961482 a multiple of 122?
True
Does 209 divide 8727422?
True
Is 168796 a multiple of 8?
False
Is 673628 a multiple of 166?
True
Does 31 divide 36707?
False
Is 9693558 a multiple of 107?
True
Does 148 divide 2544204?
False
Does 413 divide 393589?
True
Does 2 divide 22447?
False
Is 40480 a multiple of 30?
False
Is 70170 a multiple of 6?
True
Does 47 divide 291802?
False
Is 116 a factor of 346260?
True
Is 1232 a factor of 2924768?
True
Is 118549 a multiple of 116?
False
Is 8 a factor of 137994?
False
Does 597 divide 1742046?
True
Does 361 divide 1476490?
True
Is 498 a factor of 8853444?
True
Is 334196 a multiple of 67?
True
Does 49 divide 2094888?
False
Does 338 divide 1740700?
True
Is 56516 a multiple of 23?
False
Is 2567927 a multiple of 359?
True
Does 30 divide 6413460?
True
Is 227843 a multiple of 121?
True
Is 194 a factor of 349745?
False
Does 125 divide 70375?
True
Is 1092806 a multiple of 594?
False
Does 34 divide 5797343?
False
Is 727 a factor of 15267?
True
Is 91 a factor of 256165?
True
Is 38896 a multiple of 208?
True
Is 3074253 a multiple of 321?
False
Does 246 divide 235668?
True
Is 212 a factor of 17453536?
True
Is 680108 a multiple of 286?
True
Is 111 a factor of 173419?
False
Is 51 a factor of 20771331?
True
Is 169 a factor of 335006?
False
Does 553 divide 1071977?
False
Is 5132292 a multiple of 11?
True
Does 640 divide 517760?
True
Does 67 divide 3981791?
False
Is 9 a factor of 170442?
True
Is 12 a factor of 897951?
False
Is 11 a factor of 700296?
False
Is 83 a factor of 5541839?
False
Is 25539574 a multiple of 24?
False
Does 190 divide 19417?
False
Does 254 divide 180302?
False
Is 38 a factor of 3123301?
False
Does 1125 divide 5305906?
False
Does 9 divide 3033536?
False
Is 426 a factor of 793042?
False
Is 35 a factor of 4857293?
False
Is 121 a factor of 239943?
True
Is 1148349 a multiple of 726?
False
Is 66468 a multiple of 18?
False
Is 10 a factor of 52718?
False
Is 16930 a multiple of 5?
True
Does 688 divide 10042736?
True
Does 20 divide 101336?
False
Is 31564 a multiple of 3?
False
Is 50 a factor of 152427?
False
Is 123323 a multiple of 27?
False
Is 200 a factor of 5030688?
False
Is 173004 a multiple of 48?
False
Is 11 a factor of 2259868?
False
Does 57 divide 56943?
True
Is 920 a factor of 2037800?
True
Is 6496083 a multiple of 143?
False
Is 8957130 a multiple of 1158?
True
Does 61 divide 331169?
True
Is 127 a factor of 208534?
True
Is 48 a factor of 7197501?
False
Is 173311 a multiple of 21?
False
Does 12 divide 550356?
True
Does 2 divide 256942?
True
Is 503 a factor of 120752?
False
Is 341 a factor of 1423205?
False
Is 31 a factor of 2662559?
True
Is 3947895 a multiple of 83?
True
Is 430650 a multiple of 99?
True
Does 239 divide 207839?
False
Does 6 divide 18870?
True
Is 134 a factor of 59490?
False
Is 1859370 a multiple of 10?
True
Is 230692 a multiple of 28?
True
Does 227 divide 329459?
False
Does 3 divide 245442?
True
Is 514 a factor of 94811?
False
Is 2389750 a multiple of 158?
True
Does 35 divide 1744890?
True
Is 10 a factor of 3385520?
True
Is 38 a factor of 5378558?
True
Is 19846856 a multiple of 2435?
False
Is 2933964 a multiple of 419?
False
Is 538223 a multiple of 161?
True
Is 139 a factor of 3547836?
True
Does 134 divide 27872?
True
Does 5 divide 13875?
True
Is 48864 a multiple of 24?
True
Is 78928 a multiple of 30?
False
Is 114 a factor of 1890804?
True
Is 582914 a multiple of 4?
False
Is 88 a factor of 1051512?
True
Is 15 a factor of 5101207?
False
Is 180 a factor of 1552500?
True
Is 35014 a multiple of 5?
False
Is 711618 a multiple of 173?
False
Does 633 divide 397250?
False
Is 337 a factor of 6428612?
True
Is 2074235 a multiple of 139?
False
Is 3382050 a multiple of 25?
True
Is